{"id":127,"date":"2024-10-14T15:34:29","date_gmt":"2024-10-14T15:34:29","guid":{"rendered":"https:\/\/atgalimokykla.lt\/?post_type=product&#038;p=127"},"modified":"2025-12-23T07:04:46","modified_gmt":"2025-12-23T07:04:46","slug":"knyga","status":"publish","type":"product","link":"https:\/\/atgalimokykla.lt\/index.php\/produktas\/knyga\/","title":{"rendered":"Romanas \u201ePa\u017ead\u0117k mane gra\u017eiai palaidot\u201c"},"content":{"rendered":"<p>Povilas \u0160kl\u0117rius, \u201ePa\u017ead\u0117k mane gra\u017eiai palaidot\u201c (2024 m.).<\/p>\n<p>Pagrindinis romano veik\u0117jas Nika Benetas, spaud\u017eiamas merginos susirasti kok\u012f nors normal\u0173 darb\u0105, sutinka padirb\u0117ti mokytoju. Darbas, susid\u016brimai, gin\u010dai, konfliktai ir \u012fdomios diskusijos su mokiniais pripildo jo gyvenim\u0105 nauj\u0173 spalv\u0173. Pasakodamas apie savo patirt\u012f mokykloje, veik\u0117jas pama\u017eu gr\u012f\u017eta atgal \u012f savo mokykl\u0105 \u2013 tragikomi\u0161k\u0105 gyvenim\u0105 su mamyte, kar\u0161tai myl\u0117jusia jo t\u0117vel\u012f, t\u0117veliu, nuolat u\u017etraukusiu nelaimes \u0161eimai, ir mo\u010diute, mokiusia vaik\u0105 i\u0161gyventi toje \u0161eimos beprotyb\u0117je.<\/p>\n<p>\u0160is romanas \u2013 tai pasakojimas apie netradicin\u0119 \u0161eim\u0105, mokytojo darb\u0105 bei meil\u0119. Ir apie tai, kas lieka, kai meil\u0117s iliuzija nei\u0161sipildo.<\/p>\n<p>Redaktor\u0117, korektor\u0117 Rasa Mileryt\u0117.<\/p>\n<p>Dizainer\u0117, maketuotoja Inga Navickait\u0117.<\/p>\n<p>Knygos\u00a0<strong>i\u0161traukas<\/strong>\u00a0galima rasti \u010dia:<\/p>\n<p><a href=\"https:\/\/atgalimokykla.lt\/index.php\/2024\/10\/14\/priimti-i-savo-sirdi-istrauka-is-romano\/\" rel=\"noopener\">Priimti \u012f savo \u0161ird\u012f<\/a><\/p>\n<p><a href=\"https:\/\/atgalimokykla.lt\/index.php\/2024\/10\/14\/dabar-gali-mane-pabuciuot-istrauka-is-romano\/\" rel=\"noopener\">Dabar gali mane pabu\u010diuot<\/a><\/p>\n","protected":false},"excerpt":{"rendered":"<p>Puslapi\u0173 skai\u010dius: 240.<\/p>\n<p>Vir\u0161eliai mink\u0161ti.<\/p>\n<p>Dydis: 18 x 13 cm.<\/p>\n","protected":false},"featured_media":139,"template":"","meta":[],"product_cat":[70],"product_tag":[71,72],"class_list":{"0":"post-127","1":"product","2":"type-product","3":"status-publish","4":"has-post-thumbnail","6":"product_cat-knyga","7":"product_tag-pazadek-mane-graziai-palaidot","8":"product_tag-povilas-sklerius","10":"first","11":"outofstock","12":"shipping-taxable","13":"purchasable","14":"product-type-simple"},"_links":{"self":[{"href":"https:\/\/atgalimokykla.lt\/index.php\/wp-json\/wp\/v2\/product\/127","targetHints":{"allow":["GET"]}}],"collection":[{"href":"https:\/\/atgalimokykla.lt\/index.php\/wp-json\/wp\/v2\/product"}],"about":[{"href":"https:\/\/atgalimokykla.lt\/index.php\/wp-json\/wp\/v2\/types\/product"}],"wp:featuredmedia":[{"embeddable":true,"href":"https:\/\/atgalimokykla.lt\/index.php\/wp-json\/wp\/v2\/media\/139"}],"wp:attachment":[{"href":"https:\/\/atgalimokykla.lt\/index.php\/wp-json\/wp\/v2\/media?parent=127"}],"wp:term":[{"taxonomy":"product_cat","embeddable":true,"href":"https:\/\/atgalimokykla.lt\/index.php\/wp-json\/wp\/v2\/product_cat?post=127"},{"taxonomy":"product_tag","embeddable":true,"href":"https:\/\/atgalimokykla.lt\/index.php\/wp-json\/wp\/v2\/product_tag?post=127"}],"curies":[{"name":"wp","href":"https:\/\/api.w.org\/{rel}","templated":true}]}}